ghest common factor of o and j?
5
Suppose 0 = 2*z - z - 4. Suppose -z*k + 52 = -k - 2*x, -5*k + x = -89. Calculate the greatest common factor of 72 and k.
18
Let i be 789/15 + (1 - 3/5). Let b = -36 + i. What is the highest common divisor of b and 68?
17
Let m = -3 - -88. Suppose -2*z + m = -29. What is the greatest common divisor of z and 38?
19
Let w be 0/3 - 1 - -16. Suppose -5*p = -5 - w, -4*i - p = -60. Let d be ((-60)/i)/((-30)/140). Calculate the greatest common factor of 30 and d.
10
Suppose 3*v = 6, -666 = 13*h - 18*h + 2*v. What is the greatest common divisor of 67 and h?
67
Suppose -5*y + 9 + 11 = -3*u, 0 = -4*y - 2*u + 16. Suppose -4*a + 78 = -w - 112, y*a = 4*w + 184. Calculate the greatest common factor of a and 96.
48
Let z(t) = 2*t**2 - 110*t + 334. Let b be z(52). Let w(k) = -k**2 + 2. Let q be w(0). Calculate the highest common divisor of q and b.
2
Let k(y) = -254*y**3 - 1. Let l be k(-1). Suppose 5*z = 3*s - 54, 40*s + 2*z = 35*s + 121. Calculate the greatest common divisor of s and l.
23
Let u(f) = 5*f + 34. Let m be u(-6). Suppose -3*d + q = -4, -q = -4*d - m*q + 27. Calculate the highest common divisor of d and 33.
3
Let d = 733 - 433. Calculate the highest common divisor of d and 75.
75
Let d be -3*121/(-33) + 70. Let y(f) = -8*f - 10. Let k be y(-8). Calculate the highest common factor of k and d.
27
Let i = 1614 - 1290. What is the greatest common divisor of i and 2?
2
Let m = -30 - -24. Let p be m/(-3 - -5) - -23. Calculate the greatest common factor of p and 30.
10
Suppose -763 - 101 = -12*i. What is the greatest common factor of 72 and i?
72
Let d = -38 + 25. Let i(x) = -x**3 - 10*x**2 - 4*x + 2. Let u be i(-4). Let r be (-66)/u + (-2)/d. What is the greatest common divisor of 9 and r?
1
Let a(h) = 3*h**2 + 2*h + 1. Let y be a(-7). Let k(g) = g**3 - 2*g - 3. Let i be k(4). Let x = y + i. What is the highest common factor of 17 and x?
17
Suppose -f - 4*r = -1, -f + 0 + 46 = -5*r. Suppose -3*y + 9*g = 10*g + 2, -20 = 4*g. Let o = f - y. What is the greatest common factor of o and 2?
2
Suppose -4*o = 279 - 27. Let b = o + 74. What is the highest common divisor of b and 176?
11
Suppose 4*k = -4*t + 684, 0 = 2*t + k - 179 - 162. Calculate the greatest common factor of 10 and t.
10
Let r be -1*1 + 12 + 3. Let p be -3*(1 + 0)/2*2912/(-156). What is the greatest common factor of p and r?
14
Let q = -712 + 873. What is the highest common factor of q and 46?
23
Let a = 726 - 596. What is the greatest common divisor of 10 and a?
10
Let j(l) = -6*l - 12. Let i be j(-4). Calculate the highest common factor of 324 and i.
12
Let a = 678 + -674. Calculate the highest common divisor of 420 and a.
4
Let s(b) = -b**2 + 53*b - 65. Let k be s(38). What is the greatest common factor of k and 10?
5
Let z = 133 + -62. Suppose q + 2*g = -z, 6*g - 3*g - 177 = 3*q. Let p = -35 - q. What is the highest common factor of 14 and p?
14
Suppose 3460 = -139*r + 141*r. What is the highest common divisor of r and 20?
10
Suppose 0 = -4*k + 558 - 162. Let a(l) = -l**3 + 6*l**2 + 10*l - 10. Let p be a(7). What is the highest common divisor of p and k?
11
Suppose 18*p = 11*p + 70. What is the highest common factor of p and 105?
5
Let u = 45 + -20. Let c = u - 4. What is the highest common divisor of 42 and c?
21
Let l be 2 + (9 - 17)*-3. Suppose -4*d = 3*q - 168, -4*d + 2*q - 4*q + 164 = 0. What is the highest common factor of d and l?
13
Let q(d) = d**2 + 4*d + 21. Let k(h) = -6*h**2 - 20*h - 104. Let u(z) = -2*k(z) - 11*q(z). Let v be u(-10). Calculate the highest common factor of v and 9.
9
Suppose 64 = 4*a + k, 5*a - 100 = -4*k - 31. Let h = -801 + 954. What is the highest common divisor of a and h?
17
Suppose -4*c + c + 4*w = -86, 4*w = -5*c + 90. Let h be 8/(-12)*(-33 + 0). What is the highest common factor of h and c?
22
Suppose -16 = 10*h - 6*h. Let z = h - -12. What is the highest common factor of z and 12?
4
Let j = 5052 - 5030. Let g be (77/3)/(2/12). What is the greatest common factor of j and g?
22
Let f = -32 - -305. What is the greatest common factor of 21 and f?
21
Suppose -3*z = -9 - 0. Suppose 0 = -z*a + 31 - 4. Calculate the greatest common divisor of a and 36.
9
Suppose -2*p + 3*p - 4 = 0. Suppose -279 = -p*q - 39. Calculate the highest common factor of q and 15.
15
Let s = -1 - -4. Suppose u - s*u = 400. Let h be 3/((-15)/2)*u. Calculate the highest common factor of 10 and h.
10
Suppose -24*x = -22*x - 150. Calculate the greatest common factor of x and 45.
15
Suppose 2*m = 3*o - 30, -5*m - 8 = o - 1. Suppose 3*n - o*n = -s + 461, -3*s = n - 1319. What is the highest common divisor of 49 and s?
49
Suppose 0 = -107*h + 112*h - 2255. What is the highest common divisor of 41 and h?
41
Let t = -133 + 217. Let y = -3 - -15. Calculate the greatest common factor of t and y.
12
Suppose 4*h + 2*q = 552, -4*q + 544 = 3*h + h. Calculate the greatest common factor of 42 and h.
14
Suppose 4*o - 25*o = -13776. Calculate the highest common factor of o and 82.
82
Let v be 8/24*(1 + 2). Suppose 4*o - 9 = 3*w, 4*w + 0 = o + 1. Suppose y - v = w. Calculate the greatest common divisor of 2 and y.
2
Let v(y) = -5*y - 13. Let k be v(-13). Suppose 0 = 2*j - 0*r - 4*r - k, -3*r = -j + 28. What is the greatest common factor of j and 22?
22
Let h(v) = -v**2 - 13*v + 6. Let z = 30 - 37. Let w be h(z). What is the greatest common divisor of w and 16?
16
Suppose -4*b + 0*n = -n - 44, 3*b - 24 = 3*n. Let l be -90*(-5)/30*4. Calculate the highest common divisor of l and b.
12
Let s = 310 + -178. Let r be (-88 - 0/2)*(-78)/208. What is the highest common divisor of s and r?
33
Let f(h) = h**3 + 3*h**2 + 3. Let t be f(-2). Suppose -3*s + 0*s = -231. What is the highest common factor of t and s?
7
Suppose 38 - 43 = -5*h, 0 = 2*a - 4*h - 3036. What is the highest common divisor of 80 and a?
80
Suppose 0 = 13*d - 9*d - 44. Let n(x) = -x**3 + 11*x**2 + 2*x. Let k be n(d). Calculate the greatest common factor of 198 and k.
22
Suppose q + 1 - 4 = 0. Suppose q*d - 31 = 17. Calculate the highest common divisor of d and 32.
16
Let p(d) = 6*d + 7. Let w be p(9). Calculate the highest common divisor of 61 and w.
61
Let z be ((-140)/25)/(1/10). Let k = z - -111. Suppose -4*x = x - k. Calculate the highest common factor of x and 22.
11
Suppose 204 + 46 = 10*j. Calculate the highest common divisor of j and 175.
25
Let c = -316 - -321. Let v be 4/6*(-9)/(-2). Suppose -v*u + 0 = -15. Calculate the greatest common factor of u and c.
5
Suppose 3 = 14*s - 53. What is the greatest common factor of 62 and s?
2
Let y be (-176)/3 + 14/(-42). Let g = 95 + y. Calculate the greatest common divisor of g and 4.
4
Suppose -3*j + l - 2280 = -8096, j - 4*l - 1946 = 0. Calculate the highest common factor of 34 and j.
34
Let r = -725 - -815. What is the greatest common factor of r and 150?
30
Suppose -84 = -6*w + 66. Suppose -q + w - 7 = 0. What is the greatest common divisor of 90 and q?
18
Let w(m) = 20*m**2 + 14*m + 32. Let c be w(-2). Calculate the highest common divisor of c and 252.
84
Suppose 0 = 38*l - 37*l - 99. Calculate the greatest common divisor of l and 45.
9
Suppose -2*y + 12 = 8. Let c be (y*-5)/(-2*(-7)/(-154)). What is the highest common divisor of 20 and c?
10
Let w be 34/(-51)*(-102)/4. Let g(m) = 24*m**3 - 2*m**2 + m + 1. Suppose -3*r + 0 = -6. Let i be g(r). Calculate the greatest common divisor of i and w.
17
Let b(n) = 8*n - 4. Let s be b(-5). Let y = -17 - s. Suppose 69 = 3*c - 3*a, -y = -c - 2*a - 10. Calculate the highest common factor of 14 and c.
7
Let s = -8 + 22. Let z(g) = -3*g**3 + 62*g**2 + 35*g - 182. Let d be z(21). Calculate the highest common factor of d and s.
14
Suppose -4*p = 2*r - 192, -3*r - 5*p = r - 369. Let i = 134 - r. Suppose -6*d + 2*d = -4*f + i, -4*d + 8 = 0. What is the highest common divisor of f and 28?
14
Suppose p = -0*p + 5, -s - 22 = -5*p. Let y = -16 - -40. Calculate the greatest common divisor of s and y.
3
Suppose 2*f - 76 = -2*f. Suppose 0 = 2*r + 4*s - f - 13, 0 = 3*r - 2*s - 48. Calculate the highest common factor of 56 and r.
8
Let s be 1*((-6)/(-3) - -2). Let c(k) = -8*k + 36. Let d be c(s). Calculate the greatest common divisor of 2 and d.
2
Let o(a) = 5*a. Let w be o(-5). Let k = 11 - w. Calculate the greatest common divisor of